657 and 36.
9
Calculate the greatest common factor of 1897 and 128909009.
271
What is the greatest common factor of 44440 and 7160?
40
Calculate the greatest common divisor of 2225 and 899205.
5
Calculate the highest common divisor of 745958535 and 12390.
6195
Calculate the greatest common factor of 32034 and 32511981.
843
What is the highest common divisor of 99 and 29183055?
33
What is the highest common factor of 1560 and 14462292?
156
What is the highest common divisor of 16646 and 61026?
14
What is the greatest common divisor of 891 and 87327504?
297
Calculate the highest common divisor of 612 and 3997908.
36
What is the highest common divisor of 30 and 11556760?
10
What is the highest common factor of 346 and 549515470?
346
Calculate the highest common factor of 259 and 113351609.
259
What is the greatest common divisor of 81724822 and 235?
47
Calculate the greatest common divisor of 12437059 and 6495.
433
Calculate the highest common factor of 10685 and 290196052.
2137
Calculate the greatest common divisor of 324407409 and 747.
249
Calculate the highest common factor of 114 and 94072971.
57
What is the highest common factor of 2 and 20316712?
2
Calculate the greatest common factor of 3097107 and 129883.
1339
Calculate the highest common divisor of 6 and 975916434.
6
What is the greatest common factor of 2335125707 and 38?
19
Calculate the highest common divisor of 520032278 and 34.
34
What is the greatest common divisor of 6165 and 2795?
5
Calculate the greatest common divisor of 265 and 118200865.
265
What is the highest common factor of 588 and 1942452?
12
What is the highest common factor of 310 and 599187685?
155
What is the greatest common factor of 752 and 1349041?
47
What is the greatest common factor of 186530 and 76130?
230
Calculate the highest common factor of 5811 and 708825.
39
Calculate the greatest common divisor of 57654639 and 201.
201
What is the greatest common divisor of 1243976649 and 1581?
1581
What is the highest common divisor of 459877 and 1228117?
1067
Calculate the highest common factor of 212288893 and 817.
43
What is the highest common divisor of 6825348 and 60?
12
What is the greatest common divisor of 551 and 7276303?
29
Calculate the highest common divisor of 21401211 and 12.
3
What is the greatest common divisor of 28086 and 550363894?
9362
What is the greatest common divisor of 264606188 and 462?
154
What is the greatest common divisor of 568 and 216?
8
Calculate the greatest common factor of 24265 and 9740815.
1055
What is the highest common factor of 60 and 231018?
6
What is the greatest common factor of 4474170 and 6239322?
12258
Calculate the greatest common factor of 22399 and 19253.
13
What is the highest common divisor of 17735694 and 258?
258
Calculate the highest common factor of 5896 and 275264.
88
What is the greatest common factor of 910175 and 25970?
245
Calculate the highest common divisor of 13552 and 333069968.
1232
Calculate the highest common factor of 37 and 1126121677.
37
What is the highest common factor of 2919753 and 162?
27
What is the highest common factor of 415 and 1733455?
415
What is the highest common divisor of 8290 and 1116472330?
8290
What is the greatest common factor of 7888 and 176842?
58
What is the greatest common factor of 1688631 and 147350?
2947
Calculate the highest common factor of 5892480 and 7130.
310
What is the highest common divisor of 12396391 and 3008?
47
What is the greatest common divisor of 228930620 and 190570?
11210
What is the greatest common factor of 292491168 and 24?
24
Calculate the greatest common divisor of 11 and 605550781.
11
What is the highest common factor of 272 and 919840?
16
Calculate the greatest common factor of 42880 and 22697590.
670
What is the greatest common divisor of 2439 and 101784619?
271
Calculate the greatest common divisor of 2100 and 235700.
100
Calculate the highest common factor of 34629120 and 192.
192
What is the greatest common divisor of 3954 and 228930669?
1977
What is the highest common factor of 207947725 and 25?
25
Calculate the greatest common factor of 71088720 and 480.
240
Calculate the highest common divisor of 203 and 5129502.
7
Calculate the highest common factor of 675 and 30998808.
27
Calculate the greatest common divisor of 3516902 and 932.
466
Calculate the greatest common divisor of 1132 and 2265221428.
1132
Calculate the highest common divisor of 73 and 102097508.
73
Calculate the highest common divisor of 223 and 36371746.
223
Calculate the greatest common factor of 76 and 2020768978.
38
What is the greatest common factor of 684 and 5068212?
228
What is the highest common divisor of 792791 and 35561?
43
Calculate the highest common factor of 728 and 15241408.
728
What is the highest common divisor of 3767 and 697162457?
3767
Calculate the greatest common factor of 5034240 and 616032.
6624
What is the highest common factor of 854893 and 572?
13
Calculate the greatest common divisor of 597668 and 4.
4
What is the highest common factor of 970307390 and 26?
26
Calculate the highest common divisor of 3280 and 398040464.
656
Calculate the greatest common factor of 708698 and 6649.
61
What is the greatest common divisor of 19184 and 22345?
109
Calculate the greatest common factor of 887016 and 31512.
312
Calculate the highest common factor of 1973677 and 961.
31
Calculate the highest common divisor of 3580607 and 797791.
3781
What is the highest common factor of 12707550 and 2700?
1350
Calculate the greatest common factor of 2923870 and 323492.
12442
What is the highest common divisor of 69425904 and 32?
16
What is the highest common factor of 790648771 and 11?
11
Calculate the greatest common factor of 491534 and 1436158.
2746
Calculate the highest common divisor of 6030304 and 952.
56
What is the highest common factor of 456380 and 52?
4
Calculate the highest common factor of 29232 and 951856038.
3654
Calculate the highest common divisor of 45683 and 16665.
11
What is the highest common factor of 3858327 and 231?
33
What is the greatest common factor of 8339912 and 11704?
56
What is the highest common factor of 9288096 and 132?
12
Calculate the highest common factor of 12352461 and 165.
33
What is the greatest common factor of 59995 and 24505?
845
Calculate the highest common factor of 107676 and 154044.
36
What is the highest common factor of 36624101 and 739?
739
What is the greatest common divisor of 10340876 and 364?
364
What is the greatest common divisor of 19 and 280118444?
19
What is the greatest common divisor of 2040195 and 60?
15
What is the greatest common factor of 34009 and 781?
71
What is the greatest common divisor of 4917 and 1520409?
33
What is the greatest common divisor of 15194 and 568035287?
7597
What is the highest common divisor of 1651 and 68627?
13
What is the greatest common divisor of 31433256 and 480?
24
Calculate the highest common divisor of 831570 and 206700.
1590
What is the highest common divisor of 1136 and 63921584?
1136
What is the greatest common divisor of 44875172 and 170?
34
Calculate the highest common factor of 250 and 11138.
2
Calculate the greatest common divisor of 10576 and 68896.
16
What is the highest common divisor of 4905 and 21416756?
109
Calculate the highest common factor of 16887263 and 415.
83
What is the highest common factor of 426 and 259626?
6
What is the highest common factor of 627 and 43512557?
11
What is the highest common factor of 78 and 124706374?
26
What is the highest common divisor of 662767 and 165564?
511
Calculate the highest common divisor of 36974 and 86336.
38
What is the highest common divisor of 30 and 2311008030?
30
What is the greatest common factor of 324542477 and 5228?
1307
What is the highest common divisor of 6865 and 444350?
5
What is the highest common factor of 140151 and 743721?
1023
Calculate the highest common factor of 71231 and 1443528.
163
Calculate the greatest common divisor of 955 and 6542323.
191
Calculate the highest common factor of 52 and 6696703.
13
Calculate the highest common factor of 2529748 and 3120.
52
What is the highest common factor of 1053 and 23460759?
81
What is the greatest common factor of 299779 and 6549?
59
Calculate the greatest common factor of 77984585 and 86.
43
What is the hig